) = -x - x**3 + 0*x - 5*x**2 + 2*x**m. Suppose 0 = 22*i + 19 + 25. Calculate a(i).
-2
Let r(a) = 8*a**2. Let h(k) = -36*k + 109. Let c be h(3). What is r(c)?
8
Let d = 411 + -410. Let l(a) = a**3 + 2*a - 2. Give l(d).
1
Let r(y) be the first derivative of -10*y**2 + 20*y - 2. Let s(j) = -7*j + 7. Suppose -7*m - 65 + 163 = 0. Let t(p) = m*s(p) - 5*r(p). Give t(3).
4
Let z = 28 - 26. Suppose 0*j - z*j - 30 = 0. Let q = j + 20. Let i(h) = h**3 - 5*h**2 - h + 5. Calculate i(q).
0
Let m be -3 + 3 - (-2 - 2). Suppose 23 = -w - 5*s, -w - m*w + 2*s = -20. Let a(f) = -2 - 2*f + 11*f**w - 2 - 9*f**2. Calculate a(3).
8
Let w(u) = -u**2 - u**2 - u**3 + 7 - u + 2*u**3 - 9. Let t = -7 + 2. Let o = -2 - t. Determine w(o).
4
Let z(b) = -b**3 - 7*b**2 - 2*b + 7. Let c be (8 + 1)*(-126)/189. What is z(c)?
-17
Let o(k) = k - 4. Suppose -2*v + n = v - 44, -4*v + 44 = -5*n. Suppose 7 = -3*c + v. Calculate o(c).
-1
Let m(i) = -i**2 + 3. Let h(n) = 2*n**2 - n - 6. Let c(u) = -2*h(u) - 5*m(u). Suppose 32*w + 70 = 19 - 45. Determine c(w).
0
Let q(h) = -8 - 6 - 4*h + 11. Let g(x) = -11*x - 9. Let y(s) = 3*g(s) - 8*q(s). Determine y(-7).
4
Suppose 5*j - 15 = -2*b + 3*b, 17 = b + 3*j. Let n(o) = 3 + 3*o + b - 3*o - 3*o. What is n(6)?
-10
Let s(k) = k**3 - 5*k**2 - 3*k + 15. Let q be s(2). Let i(b) = -b**2 - 4*b - 4. What is i(q)?
-1
Suppose 6*l - 45 = 27. Suppose 5*f - 19 = 1. Let u(r) = -l + f + 13*r + 9. Calculate u(1).
14
Suppose -2*a + 3*x - 8 = 0, -16*a + 2*x + 32 = -20*a. Let p(o) = -2*o - 6. Give p(a).
8
Let c = -8 + 9. Let l(o) = -2 + 0*o**2 + 2 + 20*o**2. Determine l(c).
20
Let u(n) be the third derivative of -n**6/120 + n**5/60 + n**4/8 - n**3/2 - 5*n**2. Suppose 0 = 8*g + 72 - 88. What is u(g)?
-1
Let u(k) = k**3 + 2*k**2 + 4*k + 2. Let s = -126 + 122. Let h be (-364)/169 - s/26. Determine u(h).
-6
Let l(j) be the first derivative of -5*j**3/3 + j**2 - 3*j - 8. Let z(c) = c**3 - c**2 + c - 1. Let i(s) = l(s) - z(s). Determine i(-4).
-6
Suppose m - 4*m + 54 = 7*h, -4*h + m + 39 = 0. Let i(c) = c. Let r(w) = w**2 - 13*w + 5. Let v(f) = 3*i(f) + r(f). What is v(h)?
-4
Let d(n) be the second derivative of -n**4/12 + n**3/2 + 2*n**2 + n + 82. Calculate d(-6).
-50
Let h be (-5)/(5/(-28)) + -2. Suppose -4*r = 10 - h. Let v(b) = -3 - 4*b**2 - 5*b**3 + r*b**2 + 2. What is v(1)?
-6
Let a(u) = -u**2 + 6*u - 11. Let n = -1947 - -1951. Calculate a(n).
-3
Let t be 3 + -1*(-10 + -3). Let h(k) = -15*k + t*k - 14*k. Calculate h(1).
-13
Let s(u) = u**3 + 6*u**2 + 7*u + 7. Suppose -4*x + 7*x = -45. Let t be (0 - -3)/(9/x*1). Determine s(t).
-3
Let x(p) = p**3 - 6*p**2 + 4. Let o be x(6). Let y(z) be the first derivative of -z**2 - 3*z - 58. Calculate y(o).
-11
Let v(p) = p**3 - 5*p**2 - p + 4. Let j = 2 - -3. Suppose j*m + 7 = 32. Determine v(m).
-1
Let w(j) be the second derivative of j**6/144 - j**5/40 + 11*j**4/12 - 20*j. Let g(x) be the third derivative of w(x). What is g(2)?
7
Let d(c) = -c**3 - 7*c**2 + c + 11. Let u be d(-7). Let n be -3 + (-3)/(-1) + u + 2. Let i(j) = j**3 - 7*j**2 + 5*j. Determine i(n).
-6
Let d = -14 + 16. Let a(l) = 22 - 12 - 19 - d*l. Give a(-6).
3
Let v(a) = a + 5. Let b(j) = -6*j - 33. Let x(m) = b(m) + 5*v(m). Suppose 5*u + 33 = 13. Determine x(u).
-4
Let x(b) = -75 + 306 - 79 - 4*b - 65 - 76. Give x(5).
-9
Let d(o) be the first derivative of -o**4/4 + o**3/3 - 2*o - 77. What is d(0)?
-2
Suppose 2*k + 23 = 3*g - 53, 0 = g - k - 25. Let m(r) = 18*r - 4 - 47*r + g*r. What is m(-3)?
5
Let c = -160 + 166. Let u(z) = -z**3 + 6*z**2 + z + 4. What is u(c)?
10
Let r be (-10 + -1)*(-3 + 4). Let b be (-8)/(-2) - 0/r. Let x(u) = 4*u - u - 2 - u + b. Give x(-6).
-10
Let t(g) be the second derivative of -g**4/12 - 2*g**3 - 5*g**2 - 3*g + 12. What is t(-11)?
1
Suppose -i = 2*y + i, 0 = -2*y - 5*i - 12. Suppose u = -y*u. Let k(n) = u*n - n**2 + 2 + n - n. Determine k(0).
2
Let w = 3 + -1. Let i(x) = 7*x + 2. Let g(o) = 8*o + 3. Let a(m) = 4*g(m) - 5*i(m). Give a(w).
-4
Suppose -4*d - 38 = 4*n + 10, 4*d - n + 63 = 0. Let f(g) = -g - 4. What is f(d)?
11
Let m(x) = -x**2 - 1. Let h(t) = t**2 + t + 2. Let y(n) = -2*h(n) - 3*m(n). Suppose 2*o = -4*c - 170, 3*c - o = -2*o - 130. Let l = c - -48. Calculate y(l).
2
Let n be 4/(-5)*45/(-18). Let k(g) be the second derivative of 7/2*g**n + 6*g + 0 - 2/3*g**3. Give k(5).
-13
Let l be 2/((-4)/(-282))*3/9. Let w(s) = -6*s + 0*s + 6*s**2 + 46*s**3 + 3 - l*s**3. Suppose d + 2*d - 15 = 0. What is w(d)?
-2
Let l(d) = 3*d + 22. Let h be l(-8). Let a(u) = -2*u**3 + u**2 - 4*u. Let w(k) = 3*k**3 - 2*k**2 + 8*k + 1. Let p(t) = 5*a(t) + 3*w(t). Calculate p(h).
-1
Let t(w) = 3*w**3 + 25*w**2 - 10*w - 9. Let y(l) = l**3 + 8*l**2 - 3*l - 3. Let v = -55 + 53. Let g(n) = v*t(n) + 7*y(n). Suppose 3*b = 1 - 19. What is g(b)?
3
Let t(u) = -u**2 + u + 6 - 6 + 9. Suppose -57*y = -48*y. Determine t(y).
9
Let o = 17 + -17. Let r(h) = 3*h - 2*h + o*h. Let y be r(2). Let q(t) = 3*t - 1. Calculate q(y).
5
Let s(g) be the first derivative of -g**5/60 - 3*g**4/8 - g**3/6 + 23*g**2/2 - 15. Let a(n) be the second derivative of s(n). Calculate a(-8).
7
Let u be (20/6)/((-4)/(-6)). Let f(m) = -m**2 + 4*m + 3. Calculate f(u).
-2
Let x(b) = -4 + 5*b**2 - 6*b**2 + 6*b + 2. Let n(o) = -o**3 + 10*o**2 - 9*o + 8. Let c be n(9). Let m = c - 4. Determine x(m).
6
Let b(y) = -y**3 - 8*y**2 + y + 12. Let i be b(-8). Suppose 7*u - i = 10. Let m(t) = -6 + 13*t**2 - 5*t + 2*t - 3*t - 14*t**u. What is m(-5)?
-1
Let t be (-5)/(1*5 - (35 + -29)). Let l(b) = -b**2 + 7*b - 9. Calculate l(t).
1
Let k be 20/(-4) - -1 - 1. Let f(l) = -l**3 + 3*l**2 + 2*l. Let h(b) = 2*b**3 - 14*b**2 - 9*b - 6. Let c(d) = -3*f(d) - h(d). Give c(k).
-9
Suppose -5*c + 16 = 6. Let b be (44/6 - c/6)/(-1). Let l(o) = o**2 + 8*o + 2. Calculate l(b).
-5
Let r(n) = n - 2. Let j be r(3). Let b(v) be the first derivative of 5/2*v**4 - v + 1/3*v**3 + 15 + 0*v**2. What is b(j)?
10
Let x = 186 - 184. Let b(u) = -u**2 + 2*u. Calculate b(x).
0
Let d(a) = -a**2 + a - 3. Let u be d(0). Let y(t) = -4 - 42*t - 49*t - 42*t + 178*t - 47*t. Give y(u).
2
Let v(c) = -c**2 - 3*c + 1. Suppose 2*t + 3 = 2*u + 17, -4*t + 2*u = -20. Let p be 3/(-4 - -3) - -18. Suppose t*m + p = 3. Give v(m).
-3
Let h(c) = c**2 + 3*c - 28. Suppose -n + 489 = 496. Calculate h(n).
0
Let o(f) = f**2 + 6*f + 3. Let w = -373 - -371. What is o(w)?
-5
Let x(k) = k**2 + 11*k + 3. Let t be (31 - 30)/(2/(-14)). What is x(t)?
-25
Let p(v) = 0*v**2 + 4*v - 4 + v**2 - 2*v**2. Let i(j) be the second derivative of -j**4/12 + 5*j**3/6 - 3*j**2/2 - 7*j. Let h be i(2). What is p(h)?
-1
Let u(c) be the second derivative of -19*c**4/6 - c**3/6 + c**2/2 - 8*c - 2. What is u(1)?
-38
Let q(x) = 11*x + 6. Let f(k) = -k**2 - 31*k - 17. Let w(m) = 4*f(m) + 11*q(m). What is w(-4)?
-54
Let n(o) = -42*o + 879. Let x be n(21). Let k(s) = 4*s**2 - s - 1. What is k(x)?
38
Let c(m) = m - 52. Suppose -f + 5*w + 25 = 0, 27*f - w = 25*f + 5. What is c(f)?
-52
Let n be (12/9)/((-9)/((-135)/10)). Let h(d) be the first derivative of n - 5/2*d**2 + 1/3*d**3 + d. Determine h(6).
7
Suppose 3*k + i = 13, 31*i = -3*k + 26*i - 7. Suppose -2*u = -6*u + 8. Let s(y) = -u*y - y + 2*y + 8. Determine s(k).
2
Let f(s) be the second derivative of -s**3/6 - s**2/2 + 2*s. Let p(k) = -k**2 + 14*k - 4. Let g be p(14). What is f(g)?
3
Let v(c) = -c**3 - 7*c**2 - 11*c + 3. Let p be v(-4). Let o(z) = -3*z**3 + z**2 - z - 1. Give o(p).
4
Let r(q) be the first derivative of q**2/2 - 6*q - 107. Calculate r(3).
-3
Suppose -h - 4*d - 19 = 2*h, -3*h = -3*d - 9. Let r be h/(2/3) - (-28)/(-8). Let y(l) = l. Determine y(r).
-5
Let c = -13 + 17. Suppose q - 3 = c. Suppose 9 = -4*y - q. Let l(j) = -2*j**2 - 4*j - 1. What is l(y)?
-17
Suppose -4*i = -i + 12. Let b(p) = -2*p - 2. Let g(t) = 1. Let m(a) = 2*a - 1. Let w(u) = 3*g(u) + m(u). Let v(s) = 5*b(s) + 4*w(s). What is v(i)?
6
Let v be 7 + (185/35 - (-8)/(-28)). Let a(y) = -2*y + 8. What is a(v)?
-16
Let t(m) = 3*m + 8. Let s be -10*(7/(-2))/(-7). Let g(u) = -15*u - 39. Let i(l) = s*g(l) - 24*t(l). Determine i(-2).
-3
Suppose -x = -5, -v + 3*x - 17 = -4. Let l(r) = 6*r + 8 - 3*r - v*r + 0*r**2 - r**2. Determine l(0).
8
Let f(s) = s**3 + 27*s**2 + 25*s - 30. Let u be f(-26). Let d(q) = -q**2 - 2*q. Calculate d(u).
-8
Let x(g) be the third derivative of